e tens digit of x?
5
Let d be (5/(-10))/(1/(-2)). Let b be d*3 - (10 - 12). Suppose 2*p = 0, -3*k = -b*p - 6 - 21. What is the units digit of k?
9
Let o = -1954 + 3976. What is the tens digit of o?
2
Let m(z) = -z**3 + 3*z**2 + 5*z - 4. Let h be m(4). Suppose -a - 5*t + 3 = h, 2*a + 3*t + 3 = 2. What is the tens digit of (50 + 0)/(a/(-1))?
2
Let u(l) = -35*l**2 + 8*l - 5. Let o(f) = f**2 + f - 1. Let v(q) = 6*o(q) - u(q). Let j be v(2). Let b = j - 106. What is the units digit of b?
3
Suppose x - 1 = 0, -15*m - 3*x = -16*m + 228. What is the units digit of m?
1
Let p = 64 + -81. Let u(v) = -v**2 - 22*v - 7. What is the tens digit of u(p)?
7
Let j be 10/15 - 12/(-9). Suppose 0 = -3*v + j*f + 263, -359 = -v - 3*v + f. What is the tens digit of v?
9
Suppose -5681 = -5*a - 4*q, -5*a + 3961 + 1728 = -4*q. What is the hundreds digit of a?
1
Let j = 26 + -15. Let k(u) = u - 1. Let v be k(j). Let x(d) = d**3 - 9*d**2 - 2*d - 13. What is the units digit of x(v)?
7
Let k = -1 - -10. Let q = k - 10. What is the tens digit of ((-121)/44)/(q/16)?
4
Suppose i + 3*i = -172. Let y = i - -75. What is the units digit of y?
2
Let r(p) = 3*p**3 - 4*p**2 - 3*p + 5. Let w be ((-18)/15)/(6/(-20)). Let g be r(w). Suppose 35 = 4*c - g. What is the units digit of c?
9
Let c = 1209 - 435. What is the units digit of c?
4
Let t(l) be the first derivative of l**3/3 - 5*l**2/2 + 2*l + 4. Let n be t(7). Let v = 12 + n. What is the tens digit of v?
2
Suppose 4*v - 1047 = -3*p + 35, -2*v = 5*p - 1808. What is the hundreds digit of p?
3
Let n = -541 - -997. What is the hundreds digit of n?
4
Suppose 4*s - 150 = -s. Let l = s + 21. What is the tens digit of l?
5
Let b(f) = -f**2 + 24*f - 2. What is the tens digit of b(10)?
3
Let o be (-8)/(-3)*(-24)/(-32). Suppose o*t - 21 = 79. What is the units digit of t?
0
Suppose -7*d + 1227 = -1188. What is the tens digit of d?
4
Let x(d) = -3*d + d + 0*d - 3*d + 15. What is the units digit of x(-5)?
0
Suppose 2*g + 3*l = 81, 2*l + 82 = 5*g - 73. Let o be 8/16*((2 - 1) + 5). Suppose -o*f + 3*y + 63 = -0*f, 0 = 2*f + y - g. What is the tens digit of f?
1
Let v(m) = m**2 + 2*m + 8. Suppose 5 = 2*z + 19. What is the tens digit of v(z)?
4
Suppose -3*c - 5*y = c + 20, -2*y - 8 = -4*c. Suppose z - 24 = -2*z + 5*i, c = z - i - 6. Suppose 0 = 2*w + z*w - 280. What is the units digit of w?
6
Let h(a) = a**2 + a + 66. Let x be h(0). Let s = 106 + -122. Let w = s + x. What is the units digit of w?
0
Let s = 3049 + -2308. What is the hundreds digit of s?
7
Suppose 4*x = -5*r + 346, -278 = -3*x + 5*r - 1. What is the tens digit of x?
8
Let j(h) = 3*h**3 - 2*h**2 - 4*h + 5. Let r(k) = -3*k**3 + 3*k**2 + 5*k - 4. Let m(w) = 5*j(w) + 4*r(w). What is the tens digit of m(3)?
0
Let h = -149 - -237. What is the units digit of h?
8
Suppose -2*c + 1670 = -3*d, -6*d = -11*d. What is the hundreds digit of c?
8
Let c = 329 - -32. What is the hundreds digit of c?
3
Let k = -83 - -3302. What is the hundreds digit of k?
2
Let w(z) = -z + 25. Let p be w(19). Suppose x + s - 257 = -4*x, -3*s + p = 0. What is the tens digit of x?
5
Let y be 8*3/60*5. Suppose -y*x = -0*q + q - 28, x = 3*q. What is the units digit of x?
2
Let r = 436 - -660. What is the hundreds digit of r?
0
Let y(z) = 4*z**2 - 5*z + 9. Let o be y(-7). Suppose -3*r - 84 = -o. What is the tens digit of r?
5
Let s(i) = -3*i**3 - 10*i**2 - 10*i - 6. Let w be s(-6). Suppose 5*v + 4*l = 805, -3*v - l + w = -134. What is the units digit of v?
7
Suppose -455 = -5*d + 565. Let x = 377 - d. What is the hundreds digit of x?
1
Let j = -2586 + 6206. What is the thousands digit of j?
3
Let u = 20 + 44. What is the tens digit of u?
6
Suppose o = 5 - 3. Suppose 550 = 8*j + o*j. What is the tens digit of j?
5
Suppose 4*x - 32*n - 4866 = -29*n, -n - 4870 = -4*x. What is the thousands digit of x?
1
Suppose -4*n + 8*n + 508 = 0. Let y = 183 + n. Suppose 0 = -4*q - 2*l + 52, y = 4*q - 2*l + 3*l. What is the tens digit of q?
1
Let f(r) = r**3 + 9*r**2 + r + 12. Let w be f(-9). What is the units digit of w/(0 + 3/7)?
7
Suppose -4*p - 2 = 4*y - y, 4*p = 3*y + 10. Let t be (-1227)/(-18) + p/(-6). Suppose -2*v + 162 = 4*i - t, -2*v = 3*i - 174. What is the tens digit of i?
5
Let z(a) be the first derivative of a**3/3 + 2*a**2 + a + 25. What is the tens digit of z(4)?
3
Let o(a) = 10*a**3 + 7*a**2 - 17*a + 85. What is the tens digit of o(5)?
2
Let b be ((-420)/(-50))/(2/(-45)). What is the tens digit of b/(6/(-2)) - -3?
6
Let f(d) = 3*d - 30. Let u be f(12). What is the units digit of (0 + 6)*5/u?
5
Let s(o) = -2*o**3 + 25*o**2 - 6*o + 7. What is the tens digit of s(11)?
0
Let k(c) = -2*c**2 - 6*c + 2. Let u be k(4). Let r = u - -316. What is the units digit of 24/(-156) + r/13?
0
Let i be (-3)/7 - (-9830)/70. Suppose a - 2*d - i = 0, a + 4*d - 164 = -0*a. What is the tens digit of 2/6*(5 + a)?
5
Suppose -2*p = 2*p - 3696. What is the hundreds digit of p?
9
Let c = 6 - 1. Suppose 65 = 2*a - c*z, 8*a - 88 = 4*a - 4*z. Suppose 0 = 3*l - 35 - a. What is the units digit of l?
0
Let i(r) = 87*r - 21. Let h be i(5). Let q = h + -161. What is the tens digit of q?
5
Suppose -309 = -t + 139. What is the units digit of t?
8
Let n = -6717 - -25183. What is the units digit of 3 - (n/(-56) + (-2)/8)?
3
Let b(a) = 28*a + 19. Suppose 0 = -4*q - 5*x + 19, -3*x - 1 = 2. What is the units digit of b(q)?
7
Let g(r) = -r**3 - 5*r**2 + 3*r + 5. Let d be g(-5). Suppose -v = -0*v + 4. What is the units digit of d/v*(-44)/(-5)?
2
Let c(o) = 9*o**3 - 23*o**2 + 20*o + 63. What is the thousands digit of c(8)?
3
Suppose 0 = -5*l + 14*n - 11*n + 24980, -3*l + 14988 = -5*n. What is the units digit of l?
6
Let f = -4321 + 8048. What is the thousands digit of f?
3
Suppose -23*c - 2*i = -27*c + 956, 2*c = 5*i + 478. What is the units digit of c?
9
Let o(n) = 60 + n**3 - 3*n**2 + n + 2*n**2 + n**2. What is the tens digit of o(0)?
6
What is the hundreds digit of (-11)/((-22)/6)*17285/15?
4
Suppose 7 = -9*j + 1510. What is the hundreds digit of j?
1
Suppose -i - 2336 + 5748 = 5*q, -4*i + 13684 = 2*q. What is the thousands digit of i?
3
Let p = 20 + -5. Suppose 4*r - 20 = 4*z, 0*r - p = 3*r + 3*z. Suppose -2*y + r*y = -38. What is the tens digit of y?
1
Let y = -15 - -15. Let l be (y - 1) + -88 + 4. Let i = l - -139. What is the tens digit of i?
5
Let h be 36/8*(-2)/(-3). Suppose 5*f + h*n + 58 = 0, 0 = -0*n + n - 4. What is the units digit of ((-68)/f)/(4/28)?
4
Let t(i) be the first derivative of i**2/2 + 38*i - 34. Let y(k) = k + 4. Let s be y(-4). What is the units digit of t(s)?
8
Let f(o) be the second derivative of -o**4/12 + 7*o**3/3 + 17*o**2/2 - 6*o. What is the units digit of f(7)?
6
Let r(c) = -49 + 0*c**2 + 92 + 14*c + 4*c**2. What is the tens digit of r(-6)?
0
Suppose -2*d - n - 211 = 0, -2*n + 5*n + 321 = -3*d. Let q = d + 158. What is the tens digit of q?
5
Let d = -3247 - -5831. What is the hundreds digit of d?
5
Let n(p) = p**3 - 25*p**2 + 6*p + 43. What is the tens digit of n(25)?
9
Let x(y) = -y**3 - 10*y**2 - 5*y - 1. Let q be x(-9). Let m be (-4)/4 - 2 - q. Suppose 0 = -4*h + 146 - m. What is the tens digit of h?
2
Let o(a) = a + 1377. What is the units digit of o(0)?
7
Let c = -29 + 32. Suppose -4 = c*g - 61. What is the tens digit of g?
1
Let k be (-240)/(-9) + (-2)/(-6). Let p = k - 1. What is the units digit of p?
6
Let m = 75 + 113. What is the hundreds digit of m?
1
Let j = -1 + -7. Let b = -5 - j. Suppose -x - 2 = -b. What is the units digit of x?
1
Suppose -34*a + 29*a = 80. Let y(u) = -u**3 - 16*u**2 - 3*u + 16. What is the tens digit of y(a)?
6
Let f be -3 + (10 - 25)*(-2)/6. Suppose 0 = 5*b + 4*o - 642, -f*b = 2*o - 7*o - 270. What is the hundreds digit of b?
1
What is the units digit of (39143/(-65))/(9/(-45))?
1
What is the hundreds digit of 6205/5 - (-10 + 6)?
2
Suppose 5*x - 20 = -15. What is the tens digit of x/(4 + (-902)/226)?
1
Let z(c) = -c + 11. Let t be z(7). Suppose -d - t*h - 12 = 0, -5*d + 4 = 3*h + h. Suppose 0 = d*a - 3*q - 249, -a - q = 4*a - 297. What is the tens digit of a?
6
Let j(w) = 10*w**2 + 29*w - 53. What is the tens digit of j(7)?
4
Suppose 0 = k + 2*c - 232, 3*c + c = 2*k - 480. Let n be (k/6)/(5/(-15)). What is the tens digit of (6 - 7)*n/2?
5
Suppose -4*r + n = 1444, 0 = r - 0*r + 2*n + 370. Let z =